uppose 5*i + 40 = -3*x + j*x, 4*x - 28 = 2*i. Calculate the highest common factor of 20 and x.
5
Let a be (-8)/20 - 17/(-5). Suppose 2 = a*j - 2*j. Let x(n) = n**3 - 2*n**2 + n + 2. Let y be x(j). Calculate the highest common factor of 36 and y.
4
Let g = -77 - -147. Calculate the greatest common divisor of g and 28.
14
Let c be ((-2 - -2)/1)/(-2). Suppose -m + 26 = -c*m. What is the highest common factor of 13 and m?
13
Suppose 0 = 3*k + 2*m - 70, 2*m + 75 = 5*k - 3*m. What is the greatest common divisor of k and 50?
10
Let z = 19 + -14. Let q = -1 + 2. Calculate the highest common divisor of q and z.
1
Let h be (-5 + 3)/(-2 - 0). Suppose h = -3*f + 7. Calculate the greatest common factor of f and 16.
2
Suppose 380 = 6*j + 14*j. Calculate the greatest common divisor of 19 and j.
19
Let q(w) = 8*w**2 + w - 2. Let o be q(-6). Suppose -4*z + 9*z - o = 0. What is the highest common factor of 7 and z?
7
Suppose -f = s - 0*s - 146, -5*f = -4*s + 566. Calculate the greatest common divisor of 18 and s.
18
Let x(m) = -4*m + 3. Let o be x(-3). Let g be 11 - -2 - (1 + 2). What is the highest common divisor of g and o?
5
Suppose 0*d = d - 40. Suppose -8*r - 1 = y - 4*r, y + 2*r = 9. Suppose 3*c - y = 5. What is the greatest common divisor of c and d?
8
Let k be ((-3)/(-6))/(2/16). Suppose 4*c - k = -0*c. Suppose 7*z = z + 30. Calculate the highest common factor of z and c.
1
Suppose 2*h - o = 56, 4*o + 61 = 2*h - 1. Let n = 16 + -7. What is the highest common divisor of n and h?
9
Let k be ((-100)/(-3))/((-3)/(-9)). What is the highest common factor of 40 and k?
20
Let i be -3 + 74 + (1 - 0). Let y = -36 - -84. Calculate the highest common factor of i and y.
24
Suppose 3*y + 3*u + 10 = y, 2*u - 44 = 5*y. Let x(c) = c + 9. Let z be x(y). Let d = 20 - 12. What is the highest common divisor of z and d?
1
Suppose 6*m - m - 1650 = 0. Suppose -a = 4*a - m. What is the highest common divisor of a and 11?
11
Let o(i) = i**3 - i**2 + i + 2. Let v be o(0). Let a be (4 - 3)/(v/80). Calculate the highest common divisor of a and 5.
5
Suppose 4*w = m + 2 - 108, 5*m + 4*w = 434. Let z = 80 + -51. Let s = z + -19. Calculate the greatest common divisor of m and s.
10
Suppose 2*b + 22 + 14 = 2*h, -2*h = 5*b + 69. Let a = 0 - b. What is the greatest common divisor of a and 75?
15
Let f(a) = a + 8. Let d be f(-3). Suppose -18 = -7*q + d*q. What is the highest common divisor of 45 and q?
9
Suppose 3*r = 7*r. Suppose r = s - 11 - 5. Calculate the greatest common divisor of 24 and s.
8
Suppose u - 4 = -0. Let f = 19 + u. Let r be (1 + 94 - 2) + -1. What is the highest common divisor of r and f?
23
Let h = 29 - 49. Let s be 54/4*h/(-15). Calculate the greatest common divisor of s and 144.
18
Let y(m) = -m + 1. Let h be y(-1). Suppose 28 - 4 = h*k. Calculate the highest common divisor of 96 and k.
12
Suppose -4*f - 12 = 0, -4*t + 2*t = 2*f + 36. Let q = t - -22. Calculate the highest common factor of 49 and q.
7
Let y(s) = -s**3 - s**2 + s - 8. Let j be y(-4). What is the greatest common divisor of j and 27?
9
Let v be 8/10 + (-61)/(-5) + 1. What is the highest common divisor of 98 and v?
14
Suppose 1 = -q + 3, -42 = -2*l - 5*q. Suppose -2*u = -5*b - 85, -11 = -u + b + 30. Calculate the highest common divisor of l and u.
8
Let c be 2/(-7) - (-3420)/63. What is the greatest common divisor of 6 and c?
6
Suppose 3*b + 4 + 19 = 2*l, -2*b - 10 = 0. Suppose 0 = -3*h + 8*h - 80. What is the greatest common factor of h and l?
4
Suppose 0 = 4*h - 4, 0 = 3*o + 2*o - 2*h - 38. What is the highest common divisor of o and 16?
8
Suppose -y + 73 = 6*v - 3*v, -5*y - 19 = -v. Let g(a) = a**2 - 3*a + 3. Let p be g(3). What is the greatest common factor of v and p?
3
Suppose -2*u = u - 453. Let y = u + -52. What is the greatest common divisor of 9 and y?
9
Let k be (8 + -13)*(-28 - -1). Calculate the greatest common divisor of 15 and k.
15
Let w = 97 + -67. Let i = -5 + 11. What is the greatest common factor of w and i?
6
Let n(g) = 2*g**3 + 5*g**2 + 2*g - 6. Let w be n(4). Suppose 7*i = 2*i + w. What is the greatest common factor of i and 14?
14
Suppose 5*h = 7 + 3. Let p = -29 + 49. Suppose h*z + 3*z = p. What is the highest common factor of z and 4?
4
Let j(n) = n**2 - 4*n - 3. Let d be j(4). Let x be ((-2)/d)/(1/30). Let v be ((3/(-1))/(-1))/((-9)/(-420)). Calculate the highest common divisor of x and v.
20
Let s(p) = 4*p**2 + 9*p + 1. Let c be s(-6). Suppose -23 = -2*g - 3*d, -d = -2*g + 2*d + 29. What is the greatest common divisor of c and g?
13
Let g(j) = j + j - 7*j. Let m be g(-7). Suppose n = -0*n + m. What is the highest common factor of 7 and n?
7
Suppose -2*f = -7*f + 45. Let p(i) = i**2 + 28*i - 54. Let q be p(2). Calculate the highest common divisor of q and f.
3
Suppose -3*p + 14 = 4*d, -4*p + d - 5*d = -24. Let r be (-8)/p*315/(-18). Calculate the highest common divisor of r and 98.
14
Suppose -3*b = -w + 182, 2*w - 3*b - 300 - 58 = 0. Calculate the highest common factor of 44 and w.
44
Let v(p) = p**2 + p + 1. Suppose 31 = -3*d + 5*b, 0 = 4*d - 0*b + b + 3. Let l be v(d). Suppose 0*a + 45 = l*a. Calculate the highest common factor of 15 and a.
15
Let m = -50 - -53. What is the highest common divisor of 15 and m?
3
Let k(b) = 3*b**2 + b. Let f be k(-1). Let s be -2*1/(-1) + -2. Let a be (18 + s)*(-5 - -6). What is the highest common divisor of a and f?
2
Let z = -22 + 39. What is the highest common factor of z and 34?
17
Suppose 53 = 9*q - 136. What is the highest common divisor of q and 49?
7
Let q be 2/(-4) + (-156)/(-8). What is the highest common divisor of q and 38?
19
Let m be (10/(-8))/(2/8). Let a be 3*-26*m/6. What is the greatest common divisor of 26 and a?
13
Suppose 14*i - 109 - 199 = 0. Calculate the greatest common factor of 55 and i.
11
Let p(k) = -k**2 + 12*k - 6. Let l be p(6). Let c = -16 + l. Suppose 0 = -0*z + 5*z - 70. Calculate the highest common divisor of z and c.
14
Let l = 1 + -1. Suppose -13 = 2*j + 3*h, l = 2*j - 5*h - 19 - 8. Let r be 9 - (-2 + 2 - j). Calculate the greatest common divisor of 15 and r.
5
Let q = -79 - -250. What is the highest common divisor of q and 19?
19
Let b = -5 - -10. What is the highest common divisor of b and 35?
5
Let y(r) = r**2 + 7*r - 9. Let o be y(-8). Let c be (-21 - o)*(-1)/2. Calculate the greatest common factor of c and 10.
10
Let p = -10 + 13. Let b be (0 - p)*2/(-3). What is the highest common divisor of b and 3?
1
Let l be 1/((-1)/(-22)) + 0. Let p = -14 - -25. Calculate the greatest common factor of p and l.
11
Let l be 16/20*(0 + 5). Suppose -l*z + 12 = 0, u - 4 + 1 = -z. Suppose u = -g - 0*g + 108. Calculate the highest common divisor of 12 and g.
12
Let a(w) = w**2 - 8*w + 8. Let z be a(7). What is the highest common factor of z and 6?
1
Let q = 130 + -50. Suppose -9 = 3*n, 4*s = 3*n + 43 + 6. Calculate the highest common factor of s and q.
10
Let p(c) = -117*c - 3. Let a be p(-2). Calculate the greatest common divisor of 21 and a.
21
Let u = 11 - 115. Let l be u*3*2/(-3). What is the highest common factor of 26 and l?
26
Suppose 0 = -i - 4 + 14. Calculate the highest common divisor of 50 and i.
10
Suppose -i - 5 = 2*o - 1, 3*o - 3 = -3*i. Let h = -4 + i. Suppose h*c - 13 - 9 = 0. Calculate the highest common factor of c and 121.
11
Let f(o) = -o**2 + 7*o. Let s be f(6). Suppose 0 = p - 4*y - 50, 5*p - y - 175 = 4*y. Calculate the greatest common factor of p and s.
6
Let u be 2 - (-1 - 0/(-3)). Suppose -y + 3*m = 14, -u - 22 = -5*m. Calculate the greatest common factor of 1 and y.
1
Suppose 2*j + 2*j = 0. Suppose -146 = -5*p - 2*w, j*p + p - 13 = 5*w. Suppose 3*m - 16 = 5. What is the greatest common divisor of p and m?
7
Suppose 5*h - 19 = 6. Suppose 0 = -3*l - l, 3*f - h*l = 264. Calculate the greatest common factor of f and 8.
8
Suppose 0 = 5*a, 4*a = 4*f + 2 - 14. Let w be (-3792)/(-42) + 2/(-7). Suppose -f*o = 2*o - w. What is the greatest common divisor of 12 and o?
6
Let m = -9 - -9. Suppose 0*o + 5*z + 37 = -4*o, -3 = -4*o + 3*z. Let f be (m - -3)/(o/(-18)). Calculate the highest common divisor of 2 and f.
2
Let a be 6 - (-2 - (-1 + 1)). Suppose f = 2*f - a. Calculate the greatest common divisor of f and 8.
8
Let c(k) = -15*k**3 + 2*k**2 + k. Let h be c(-1). Let x be 1 - 2 - (8 - 14). Suppose -g -